{"id":2286,"date":"2017-05-10T18:18:27","date_gmt":"2017-05-10T17:18:27","guid":{"rendered":"http:\/\/www.locations-vacances-serignan.com\/?page_id=2286"},"modified":"2019-06-13T13:29:13","modified_gmt":"2019-06-13T12:29:13","slug":"serignan-beach-village-occitanie","status":"publish","type":"page","link":"https:\/\/www.locations-vacances-serignan.com\/en\/serignan-beach-village-occitanie\/","title":{"rendered":"S\u00e9rignan beach and village in South France Occitanie"},"content":{"rendered":"<p>&nbsp;<\/p>\n<h2 style=\"text-align: center;\"><strong>\u00a0S\u00e9rignan Beach<\/strong><\/h2>\n<p style=\"text-align: left;\"><div class=\"three_fourths\"><p style=\"text-align: left;\">Serignan beach, As the name suggests, S\u00e9rignan plage is the beach of the village and of its residents<\/p>\n<h3 style=\"text-align: left;\"><strong>3 kms of sandy beach, for you only<br \/>\n<\/strong><\/h3>\n<p>S\u00e9rignan beach\u00a0in l&#8217;H\u00e9rault region, is the sea side part of the village , it is the paradise for sunbathing, practicing water sports like windsurfing,\u00a0 sailing, kitesurfing, horseback riding in the sunrise on the beach,\u00a0 fishing in river or beach in surcasting,&#8230;. swimming question : the blue pavilion has been awarded every year since 2009<\/p>\n<p>Dunes can reach up to 8 meters height, making it the tallest in the region<\/p>\n<p>In the evening with the family, you can picnic on the sea side, at sunset, quietly and after the heat of the day<\/p><\/div>\n<div class=\"one_fourth column-last\"><p style=\"text-align: left;\"><img loading=\"lazy\" decoding=\"async\" class=\"alignnone wp-image-166\" src=\"https:\/\/www.locations-vacances-serignan.com\/wp-content\/uploads\/2015\/12\/pavillon_bleu_280-150x150.jpg\" alt=\"blue flag for beach quality guaranty\" width=\"119\" height=\"119\" srcset=\"https:\/\/www.locations-vacances-serignan.com\/wp-content\/uploads\/2015\/12\/pavillon_bleu_280-150x150.jpg 150w, https:\/\/www.locations-vacances-serignan.com\/wp-content\/uploads\/2015\/12\/pavillon_bleu_280-270x270.jpg 270w, https:\/\/www.locations-vacances-serignan.com\/wp-content\/uploads\/2015\/12\/pavillon_bleu_280-125x125.jpg 125w, https:\/\/www.locations-vacances-serignan.com\/wp-content\/uploads\/2015\/12\/pavillon_bleu_280-70x70.jpg 70w\" sizes=\"auto, (max-width: 119px) 100vw, 119px\" \/><br \/><\/div>\n\t\t\t<div class=\"clearer\"><\/div>\n<div class=\"divider type_3\"><\/div>\n<p>&nbsp;<\/p>\n<div class=\"one_third\"><p><img loading=\"lazy\" decoding=\"async\" class=\"alignnone wp-image-1825 size-medium\" src=\"https:\/\/www.locations-vacances-serignan.com\/wp-content\/uploads\/2017\/04\/plage-1-300x200.jpg\" alt=\"S\u00e9rignan beach\" width=\"300\" height=\"200\" srcset=\"https:\/\/www.locations-vacances-serignan.com\/wp-content\/uploads\/2017\/04\/plage-1-300x200.jpg 300w, https:\/\/www.locations-vacances-serignan.com\/wp-content\/uploads\/2017\/04\/plage-1-150x100.jpg 150w, https:\/\/www.locations-vacances-serignan.com\/wp-content\/uploads\/2017\/04\/plage-1.jpg 600w\" sizes=\"auto, (max-width: 300px) 100vw, 300px\" \/><\/p><\/div>\n<div class=\"one_third\"><p><img loading=\"lazy\" decoding=\"async\" class=\"alignnone wp-image-1826 size-medium\" src=\"https:\/\/www.locations-vacances-serignan.com\/wp-content\/uploads\/2017\/04\/plage-2-300x200.jpg\" alt=\"soleil couchant Valras\" width=\"300\" height=\"200\" srcset=\"https:\/\/www.locations-vacances-serignan.com\/wp-content\/uploads\/2017\/04\/plage-2-300x200.jpg 300w, https:\/\/www.locations-vacances-serignan.com\/wp-content\/uploads\/2017\/04\/plage-2-150x100.jpg 150w, https:\/\/www.locations-vacances-serignan.com\/wp-content\/uploads\/2017\/04\/plage-2.jpg 600w\" sizes=\"auto, (max-width: 300px) 100vw, 300px\" \/><\/p><\/div>\n<div class=\"one_third column-last\"><p><img loading=\"lazy\" decoding=\"async\" class=\"alignnone wp-image-1680 size-medium\" src=\"https:\/\/www.locations-vacances-serignan.com\/wp-content\/uploads\/2017\/04\/plage-dune-300x200.jpg\" alt=\"dunes \u00e0 S\u00e9rignan plage\" width=\"300\" height=\"200\" srcset=\"https:\/\/www.locations-vacances-serignan.com\/wp-content\/uploads\/2017\/04\/plage-dune-300x200.jpg 300w, https:\/\/www.locations-vacances-serignan.com\/wp-content\/uploads\/2017\/04\/plage-dune-768x512.jpg 768w, https:\/\/www.locations-vacances-serignan.com\/wp-content\/uploads\/2017\/04\/plage-dune-150x100.jpg 150w, https:\/\/www.locations-vacances-serignan.com\/wp-content\/uploads\/2017\/04\/plage-dune.jpg 800w\" sizes=\"auto, (max-width: 300px) 100vw, 300px\" \/><\/p><\/div>\n\t\t\t<div class=\"clearer\"><\/div>\n<div class=\"divider type_3\"><\/div>\n<p style=\"text-align: left;\"><strong><a href=\"https:\/\/www.ville-serignan.fr\" target=\"_blank\" rel=\"noopener noreferrer\">S\u00e9rignan village<\/a> is within 4 km of\u00a0S\u00e9rignan\u00a0beach,<\/strong><\/p>\n<p style=\"text-align: left;\"><strong style=\"text-align: center;\">It is a typical and very lively mediterranean village with its traditional place lined with cafes and restaurants, shaded by hundred-year-old plane trees.<br \/>\n<\/strong><\/p>\n<p style=\"text-align: left;\">Its market 3 times a week,its millennium collegiate church, its wines from the village producers, numerous sports facilities and rugby king sport.<\/p>\n<p style=\"text-align: left;\">The regional museum of contemporary art, the auditorium la Cigali\u00e8re, illuminated by the work of a famous french architect Buren.<\/p>\n<p style=\"text-align: left;\"><strong style=\"text-align: center;\">Since July 2016 a bike path and a pedestrian bridge make it possible to connect the centre of the village with the road to the beach.<\/strong><\/p>\n<p>&nbsp;<\/p>\n<p>&nbsp;<\/p>\n<div class=\"one_third\"><p><a href=\"https:\/\/www.locations-vacances-serignan.com\/wp-content\/uploads\/2015\/12\/passerelle-serignan-3.jpg\" target=\"_blank\" rel=\"noopener noreferrer\"><img loading=\"lazy\" decoding=\"async\" class=\"aligncenter wp-image-1692 size-medium\" src=\"https:\/\/www.locations-vacances-serignan.com\/wp-content\/uploads\/2015\/12\/passerelle-serignan-3-300x200.jpg\" alt=\"Serignan beach\" width=\"300\" height=\"200\" srcset=\"https:\/\/www.locations-vacances-serignan.com\/wp-content\/uploads\/2015\/12\/passerelle-serignan-3-300x200.jpg 300w, https:\/\/www.locations-vacances-serignan.com\/wp-content\/uploads\/2015\/12\/passerelle-serignan-3-150x100.jpg 150w, https:\/\/www.locations-vacances-serignan.com\/wp-content\/uploads\/2015\/12\/passerelle-serignan-3.jpg 600w\" sizes=\"auto, (max-width: 300px) 100vw, 300px\" \/><\/a><\/p>\n<p>&nbsp;<\/p><\/div>\n<div class=\"one_third\"><img loading=\"lazy\" decoding=\"async\" class=\"aligncenter wp-image-2298 size-medium\" src=\"https:\/\/www.locations-vacances-serignan.com\/wp-content\/uploads\/2017\/05\/MARCHE-300x225.jpg\" alt=\"march\u00e9 de Serignan sur la promenade\" width=\"300\" height=\"225\" srcset=\"https:\/\/www.locations-vacances-serignan.com\/wp-content\/uploads\/2017\/05\/MARCHE-300x225.jpg 300w, https:\/\/www.locations-vacances-serignan.com\/wp-content\/uploads\/2017\/05\/MARCHE-150x113.jpg 150w, https:\/\/www.locations-vacances-serignan.com\/wp-content\/uploads\/2017\/05\/MARCHE.jpg 600w\" sizes=\"auto, (max-width: 300px) 100vw, 300px\" \/><br \/><\/div>\n<div class=\"one_third column-last\"><img loading=\"lazy\" decoding=\"async\" class=\"wp-image-2297 size-medium aligncenter\" src=\"https:\/\/www.locations-vacances-serignan.com\/wp-content\/uploads\/2017\/05\/village-promenade-3-300x200.jpg\" alt=\"\" width=\"300\" height=\"200\" srcset=\"https:\/\/www.locations-vacances-serignan.com\/wp-content\/uploads\/2017\/05\/village-promenade-3-300x200.jpg 300w, https:\/\/www.locations-vacances-serignan.com\/wp-content\/uploads\/2017\/05\/village-promenade-3-150x100.jpg 150w, https:\/\/www.locations-vacances-serignan.com\/wp-content\/uploads\/2017\/05\/village-promenade-3.jpg 600w\" sizes=\"auto, (max-width: 300px) 100vw, 300px\" \/><br \/><\/div>\n\t\t\t<div class=\"clearer\"><\/div>\n<p>&nbsp;<\/p>\n<div class=\"divider type_3\"><\/div>\n<p>From mid-June to mid-September, a shuttle bus runs every day between the auditorium la Cigali\u00e8re and S\u00e9rignan plage (line 22)<\/p>\n<p>S\u00e9rignan\u00a0beach\u00a0it is:<\/p>\n<p>\u2022 5 public beaches : la grande Ma\u00efre, la Chapelle, S\u00e9oune, the naturist beach, les Orpelli\u00e8res natural sites protected by &#8220;le conservatoire du littoral&#8221;( a state agency that protects the coastline)<br \/>\n\u2022 3 lifeguards stations : La Grande Ma\u00efre, la S\u00e9oune, Les Orpelli\u00e8res.<br \/>\n\u2022 La Grande Ma\u00efre car park 3 euros guarded car park (also a small non guarded car park Orpelli\u00e8res beach)<br \/>\n\u2022 Acces adapted for the disables persons with an amphibious armchair<br \/>\n\u2022 Toilet car park la Grande Ma\u00efre.<br \/>\n\u2022 Dayly cleaning of beaches<br \/>\n\u2022 Constant surveillance of the local police<\/p>\n[\/one_half_last]\n","protected":false},"excerpt":{"rendered":"<p>&nbsp; \u00a0S\u00e9rignan Beach &nbsp; S\u00e9rignan village is within 4 km of\u00a0S\u00e9rignan\u00a0beach, It is a typical and very lively mediterranean village with its traditional place lined with cafes and restaurants, shaded by hundred-year-old plane trees. Its market 3 times a &hellip; <\/p>\n<p><a href=\"https:\/\/www.locations-vacances-serignan.com\/en\/serignan-beach-village-occitanie\/\" class=\"read_more_link\">Read more<\/a><\/p>\n","protected":false},"author":1,"featured_media":0,"parent":0,"menu_order":0,"comment_status":"closed","ping_status":"closed","template":"","meta":{"footnotes":""},"class_list":["post-2286","page","type-page","status-publish","hentry"],"_links":{"self":[{"href":"https:\/\/www.locations-vacances-serignan.com\/en\/wp-json\/wp\/v2\/pages\/2286","targetHints":{"allow":["GET"]}}],"collection":[{"href":"https:\/\/www.locations-vacances-serignan.com\/en\/wp-json\/wp\/v2\/pages"}],"about":[{"href":"https:\/\/www.locations-vacances-serignan.com\/en\/wp-json\/wp\/v2\/types\/page"}],"author":[{"embeddable":true,"href":"https:\/\/www.locations-vacances-serignan.com\/en\/wp-json\/wp\/v2\/users\/1"}],"replies":[{"embeddable":true,"href":"https:\/\/www.locations-vacances-serignan.com\/en\/wp-json\/wp\/v2\/comments?post=2286"}],"version-history":[{"count":55,"href":"https:\/\/www.locations-vacances-serignan.com\/en\/wp-json\/wp\/v2\/pages\/2286\/revisions"}],"predecessor-version":[{"id":4050,"href":"https:\/\/www.locations-vacances-serignan.com\/en\/wp-json\/wp\/v2\/pages\/2286\/revisions\/4050"}],"wp:attachment":[{"href":"https:\/\/www.locations-vacances-serignan.com\/en\/wp-json\/wp\/v2\/media?parent=2286"}],"curies":[{"name":"wp","href":"https:\/\/api.w.org\/{rel}","templated":true}]}}

Sérignan beach and village in South France Occitanie

<p>&nbsp;</p>
<h2 style="text-align: center;"><strong> Sérignan Beach</strong></h2>
<p style="text-align: left;"><div class="three_fourths"><p style="text-align: left;">Serignan beach, As the name suggests, Sérignan plage is the beach of the village and of its residents</p>
<h3 style="text-align: left;"><strong>3 kms of sandy beach, for you only<br />
</strong></h3>
<p>Sérignan beach in l&#8217;Hérault region, is the sea side part of the village , it is the paradise for sunbathing, practicing water sports like windsurfing,  sailing, kitesurfing, horseback riding in the sunrise on the beach,  fishing in river or beach in surcasting,&#8230;. swimming question : the blue pavilion has been awarded every year since 2009</p>
<p>Dunes can reach up to 8 meters height, making it the tallest in the region</p>
<p>In the evening with the family, you can picnic on the sea side, at sunset, quietly and after the heat of the day</p></div>
<div class="one_fourth column-last"><p style="text-align: left;"><img loading="lazy" decoding="async" class="alignnone wp-image-166" src="https://www.locations-vacances-serignan.com/wp-content/uploads/2015/12/pavillon_bleu_280-150x150.jpg" alt="blue flag for beach quality guaranty" width="119" height="119" srcset="https://www.locations-vacances-serignan.com/wp-content/uploads/2015/12/pavillon_bleu_280-150x150.jpg 150w, https://www.locations-vacances-serignan.com/wp-content/uploads/2015/12/pavillon_bleu_280-270x270.jpg 270w, https://www.locations-vacances-serignan.com/wp-content/uploads/2015/12/pavillon_bleu_280-125x125.jpg 125w, https://www.locations-vacances-serignan.com/wp-content/uploads/2015/12/pavillon_bleu_280-70x70.jpg 70w" sizes="auto, (max-width: 119px) 100vw, 119px" /><br /></div>
			<div class="clearer"></div>
<div class="divider type_3"></div>
<p>&nbsp;</p>
<div class="one_third"><p><img loading="lazy" decoding="async" class="alignnone wp-image-1825 size-medium" src="https://www.locations-vacances-serignan.com/wp-content/uploads/2017/04/plage-1-300x200.jpg" alt="Sérignan beach" width="300" height="200" srcset="https://www.locations-vacances-serignan.com/wp-content/uploads/2017/04/plage-1-300x200.jpg 300w, https://www.locations-vacances-serignan.com/wp-content/uploads/2017/04/plage-1-150x100.jpg 150w, https://www.locations-vacances-serignan.com/wp-content/uploads/2017/04/plage-1.jpg 600w" sizes="auto, (max-width: 300px) 100vw, 300px" /></p></div>
<div class="one_third"><p><img loading="lazy" decoding="async" class="alignnone wp-image-1826 size-medium" src="https://www.locations-vacances-serignan.com/wp-content/uploads/2017/04/plage-2-300x200.jpg" alt="soleil couchant Valras" width="300" height="200" srcset="https://www.locations-vacances-serignan.com/wp-content/uploads/2017/04/plage-2-300x200.jpg 300w, https://www.locations-vacances-serignan.com/wp-content/uploads/2017/04/plage-2-150x100.jpg 150w, https://www.locations-vacances-serignan.com/wp-content/uploads/2017/04/plage-2.jpg 600w" sizes="auto, (max-width: 300px) 100vw, 300px" /></p></div>
<div class="one_third column-last"><p><img loading="lazy" decoding="async" class="alignnone wp-image-1680 size-medium" src="https://www.locations-vacances-serignan.com/wp-content/uploads/2017/04/plage-dune-300x200.jpg" alt="dunes à Sérignan plage" width="300" height="200" srcset="https://www.locations-vacances-serignan.com/wp-content/uploads/2017/04/plage-dune-300x200.jpg 300w, https://www.locations-vacances-serignan.com/wp-content/uploads/2017/04/plage-dune-768x512.jpg 768w, https://www.locations-vacances-serignan.com/wp-content/uploads/2017/04/plage-dune-150x100.jpg 150w, https://www.locations-vacances-serignan.com/wp-content/uploads/2017/04/plage-dune.jpg 800w" sizes="auto, (max-width: 300px) 100vw, 300px" /></p></div>
			<div class="clearer"></div>
<div class="divider type_3"></div>
<p style="text-align: left;"><strong><a href="https://www.ville-serignan.fr" target="_blank" rel="noopener noreferrer">Sérignan village</a> is within 4 km of Sérignan beach,</strong></p>
<p style="text-align: left;"><strong style="text-align: center;">It is a typical and very lively mediterranean village with its traditional place lined with cafes and restaurants, shaded by hundred-year-old plane trees.<br />
</strong></p>
<p style="text-align: left;">Its market 3 times a week,its millennium collegiate church, its wines from the village producers, numerous sports facilities and rugby king sport.</p>
<p style="text-align: left;">The regional museum of contemporary art, the auditorium la Cigalière, illuminated by the work of a famous french architect Buren.</p>
<p style="text-align: left;"><strong style="text-align: center;">Since July 2016 a bike path and a pedestrian bridge make it possible to connect the centre of the village with the road to the beach.</strong></p>
<p>&nbsp;</p>
<p>&nbsp;</p>
<div class="one_third"><p><a href="https://www.locations-vacances-serignan.com/wp-content/uploads/2015/12/passerelle-serignan-3.jpg" target="_blank" rel="noopener noreferrer"><img loading="lazy" decoding="async" class="aligncenter wp-image-1692 size-medium" src="https://www.locations-vacances-serignan.com/wp-content/uploads/2015/12/passerelle-serignan-3-300x200.jpg" alt="Serignan beach" width="300" height="200" srcset="https://www.locations-vacances-serignan.com/wp-content/uploads/2015/12/passerelle-serignan-3-300x200.jpg 300w, https://www.locations-vacances-serignan.com/wp-content/uploads/2015/12/passerelle-serignan-3-150x100.jpg 150w, https://www.locations-vacances-serignan.com/wp-content/uploads/2015/12/passerelle-serignan-3.jpg 600w" sizes="auto, (max-width: 300px) 100vw, 300px" /></a></p>
<p>&nbsp;</p></div>
<div class="one_third"><img loading="lazy" decoding="async" class="aligncenter wp-image-2298 size-medium" src="https://www.locations-vacances-serignan.com/wp-content/uploads/2017/05/MARCHE-300x225.jpg" alt="marché de Serignan sur la promenade" width="300" height="225" srcset="https://www.locations-vacances-serignan.com/wp-content/uploads/2017/05/MARCHE-300x225.jpg 300w, https://www.locations-vacances-serignan.com/wp-content/uploads/2017/05/MARCHE-150x113.jpg 150w, https://www.locations-vacances-serignan.com/wp-content/uploads/2017/05/MARCHE.jpg 600w" sizes="auto, (max-width: 300px) 100vw, 300px" /><br /></div>
<div class="one_third column-last"><img loading="lazy" decoding="async" class="wp-image-2297 size-medium aligncenter" src="https://www.locations-vacances-serignan.com/wp-content/uploads/2017/05/village-promenade-3-300x200.jpg" alt="" width="300" height="200" srcset="https://www.locations-vacances-serignan.com/wp-content/uploads/2017/05/village-promenade-3-300x200.jpg 300w, https://www.locations-vacances-serignan.com/wp-content/uploads/2017/05/village-promenade-3-150x100.jpg 150w, https://www.locations-vacances-serignan.com/wp-content/uploads/2017/05/village-promenade-3.jpg 600w" sizes="auto, (max-width: 300px) 100vw, 300px" /><br /></div>
			<div class="clearer"></div>
<p>&nbsp;</p>
<div class="divider type_3"></div>
<p>From mid-June to mid-September, a shuttle bus runs every day between the auditorium la Cigalière and Sérignan plage (line 22)</p>
<p>Sérignan beach it is:</p>
<p>• 5 public beaches : la grande Maïre, la Chapelle, Séoune, the naturist beach, les Orpellières natural sites protected by &#8220;le conservatoire du littoral&#8221;( a state agency that protects the coastline)<br />
• 3 lifeguards stations : La Grande Maïre, la Séoune, Les Orpellières.<br />
• La Grande Maïre car park 3 euros guarded car park (also a small non guarded car park Orpellières beach)<br />
• Acces adapted for the disables persons with an amphibious armchair<br />
• Toilet car park la Grande Maïre.<br />
• Dayly cleaning of beaches<br />
• Constant surveillance of the local police</p>
[/one_half_last]

<p>&nbsp;  Sérignan Beach &nbsp; Sérignan village is within 4 km of Sérignan beach, It is a typical and very lively mediterranean village with its traditional place lined with cafes and restaurants, shaded by hundred-year-old plane trees. Its market 3 times a &hellip; </p>
<p><a href="https://www.locations-vacances-serignan.com/en/serignan-beach-village-occitanie/" class="read_more_link">Read more</a></p>
